{"id":225,"date":"2019-12-20T18:12:43","date_gmt":"2019-12-20T18:12:43","guid":{"rendered":"http:\/\/www.datasystemsoft.sk\/?page_id=225"},"modified":"2025-03-18T14:38:35","modified_gmt":"2025-03-18T13:38:35","slug":"contact","status":"publish","type":"page","link":"http:\/\/www.datasystemsoft.sk\/?page_id=225","title":{"rendered":"Kontakty"},"content":{"rendered":"<div id=\"cs-content\" class=\"cs-content\"><div class=\"x-section e225-e1 m69-0 m69-1\"><div class=\"x-bg\" aria-hidden=\"true\"><div class=\"x-bg-layer-upper-image\"><\/div><\/div><div class=\"x-row x-container max width e225-e2 m69-3 m69-4 m69-5\"><div class=\"x-row-inner\"><div class=\"x-col e225-e3 m69-8 m69-9\"><div class=\"x-text x-text-headline e225-e4 m69-b m69-c\"><div class=\"x-text-content\"><div class=\"x-text-content-text\"><h1 class=\"x-text-content-text-primary\">Existuje inform&aacute;cia, ktor&aacute; znamen&aacute; v&aacute;&scaron; &uacute;spech.<\/h1>\n<\/div><\/div><\/div><div class=\"x-text x-content e225-e5 m69-e m69-f\"><p>Nemajte obavy n&aacute;s kontaktova\u0165. Radi spozn&aacute;me po\u017eiadavky ak&eacute;hoko\u013evek potenci&aacute;lneho z&aacute;kazn&iacute;ka.<\/p><\/div><\/div><\/div><\/div><\/div><div class=\"x-section e225-e6 m69-0 m69-2\"><div class=\"x-bg\" aria-hidden=\"true\"><div class=\"x-bg-layer-upper-color\"><\/div><\/div><div class=\"x-row x-container max width e225-e7 m69-3 m69-4 m69-6\"><div class=\"x-row-inner\"><div class=\"x-col e225-e8 m69-8 m69-a\"><span class=\"x-image e225-e9 m69-h\"><img decoding=\"async\" src=\"http:\/\/www.datasystemsoft.sk\/wp-content\/uploads\/2025\/03\/trnavska-cesta-82.jpg\" width=\"150\" height=\"83\" alt=\"Image\" loading=\"lazy\"><\/span><\/div><div class=\"x-col e225-e10 m69-8 m69-a\"><div class=\"x-text x-text-headline e225-e11 m69-b m69-d\"><div class=\"x-text-content\"><div class=\"x-text-content-text\"><h1 class=\"x-text-content-text-primary\">Kontaktn&eacute; inform&aacute;cie<\/h1>\n<\/div><\/div><\/div><div class=\"x-text x-content e225-e12 m69-e m69-g\"><div class=\"x-raw-content mts\">\n<p class=\"man\">Trnavsk&aacute; cesta 82, 82102 Bratislava, Slovakia<\/p>\n<\/div>\n<div class=\"x-raw-content mts\">\n<p class=\"man\">+421-2-4910-3811<\/p>\n<\/div>\n<div class=\"x-raw-content mts\">\n<p class=\"man\">info@dss.sk<\/p>\n<\/div>\n<div class=\"x-raw-content mts\">\n<p class=\"man\">Ochrana osobn&yacute;ch &uacute;dajov tu: <a href=\"http:\/\/www.datasystemsoft.sk\/wp-content\/uploads\/2025\/03\/Ochrana-osobnych-udajov_WEB_DSS.pdf\">PDF<\/a><\/p>\n<\/div><\/div><\/div><\/div><\/div><\/div><div class=\"x-section e225-e13 m69-0 m69-2\"><div class=\"x-bg\" aria-hidden=\"true\"><div class=\"x-bg-layer-upper-color\"><\/div><\/div><div class=\"x-row x-container max width e225-e14 m69-3 m69-4 m69-7\"><div class=\"x-row-inner\"><div class=\"x-col e225-e15 m69-8 m69-a\"><div class=\"x-frame x-frame-map-embed e225-e16 m69-i\"><div class=\"x-frame-inner\"><div class=\"x-map x-map-embed\"><iframe src=\"https:\/\/www.google.com\/maps\/embed?pb=!1m17!1m12!1m3!1d1330.5863683607938!2d17.14960462774329!3d48.16475199640584!2m3!1f0!2f0!3f0!3m2!1i1024!2i768!4f13.1!3m2!1m1!2zNDjCsDA5JzUzLjEiTiAxN8KwMDknMDEuOSJF!5e0!3m2!1ssk!2ssk!4v1742304709394!5m2!1ssk!2ssk\" width=\"600\" height=\"450\" style=\"border:0;\" allowfullscreen=\"\" loading=\"lazy\" referrerpolicy=\"no-referrer-when-downgrade\"><\/iframe><\/div><\/div><\/div><\/div><\/div><\/div><\/div><\/div>\n","protected":false},"excerpt":{"rendered":"<p>Existuje inform&aacute;cia, ktor&aacute; znamen&aacute; v&aacute;&scaron; &uacute;spech. Nemajte obavy n&aacute;s kontaktova\u0165. Radi spozn&aacute;me po\u017eiadavky ak&eacute;hoko\u013evek potenci&aacute;lneho z&aacute;kazn&iacute;ka.Kontaktn&eacute; inform&aacute;cie Trnavsk&aacute; cesta 82, 82102 Bratislava, Slovakia +421-2-4910-3811 info@dss.sk Ochrana osobn&yacute;ch &uacute;dajov tu: PDF<\/p>\n","protected":false},"author":1,"featured_media":0,"parent":0,"menu_order":0,"comment_status":"closed","ping_status":"closed","template":"template-blank-4.php","meta":{"footnotes":""},"class_list":["post-225","page","type-page","status-publish","hentry","no-post-thumbnail"],"_links":{"self":[{"href":"http:\/\/www.datasystemsoft.sk\/index.php?rest_route=\/wp\/v2\/pages\/225","targetHints":{"allow":["GET"]}}],"collection":[{"href":"http:\/\/www.datasystemsoft.sk\/index.php?rest_route=\/wp\/v2\/pages"}],"about":[{"href":"http:\/\/www.datasystemsoft.sk\/index.php?rest_route=\/wp\/v2\/types\/page"}],"author":[{"embeddable":true,"href":"http:\/\/www.datasystemsoft.sk\/index.php?rest_route=\/wp\/v2\/users\/1"}],"replies":[{"embeddable":true,"href":"http:\/\/www.datasystemsoft.sk\/index.php?rest_route=%2Fwp%2Fv2%2Fcomments&post=225"}],"version-history":[{"count":7,"href":"http:\/\/www.datasystemsoft.sk\/index.php?rest_route=\/wp\/v2\/pages\/225\/revisions"}],"predecessor-version":[{"id":245,"href":"http:\/\/www.datasystemsoft.sk\/index.php?rest_route=\/wp\/v2\/pages\/225\/revisions\/245"}],"wp:attachment":[{"href":"http:\/\/www.datasystemsoft.sk\/index.php?rest_route=%2Fwp%2Fv2%2Fmedia&parent=225"}],"curies":[{"name":"wp","href":"https:\/\/api.w.org\/{rel}","templated":true}]}}