{"id":222,"date":"2019-12-20T18:11:55","date_gmt":"2019-12-20T18:11:55","guid":{"rendered":"http:\/\/www.datasystemsoft.sk\/?page_id=222"},"modified":"2025-03-21T12:24:07","modified_gmt":"2025-03-21T11:24:07","slug":"home","status":"publish","type":"page","link":"http:\/\/www.datasystemsoft.sk\/","title":{"rendered":"Slu\u017eby"},"content":{"rendered":"<div id=\"cs-content\" class=\"cs-content\"><div class=\"x-section e222-e1 m66-0 m66-1 m66-2 m66-3 m66-4 m66-5\"><div class=\"x-bg\" aria-hidden=\"true\"><div class=\"x-bg-layer-lower-image\"><\/div><\/div><\/div><div class=\"x-section e222-e2 m66-0 m66-1 m66-2 m66-6 m66-7\"><div class=\"x-row x-container max width e222-e3 m66-b m66-c m66-d m66-f m66-g\"><div class=\"x-row-inner\"><div class=\"x-col e222-e4 m66-p\"><div class=\"x-text x-text-headline e222-e5 m66-u m66-v\"><div class=\"x-text-content\"><div class=\"x-text-content-text\"><h2 class=\"x-text-content-text-primary\"><strong>26 rokov realizujeme projekty v oblasti IT<\/strong><\/h2>\n<\/div><\/div><\/div><div class=\"x-text x-content e222-e6 m66-11 m66-12\"><p>Spolo\u010dnos\u0165 Data System Soft, spol. s r.o. p&ocirc;sob&iacute; na trhu od roku 1991 s podnikate\u013esk&yacute;m z&aacute;merom pred&aacute;va\u0165 vybran&eacute; &scaron;pi\u010dkov&eacute; produkty z oblasti informa\u010dn&yacute;ch technol&oacute;gi&iacute; s cie\u013eom poskytova\u0165 k nim komplexn&eacute; a kvalitn&eacute; slu\u017eby a podie\u013ea\u0165 sa tak na dlhodobom &uacute;spechu z&aacute;kazn&iacute;kov. Sme certifikovan&yacute;m partnerom svetovo renomovan&yacute;ch spolo\u010dnost&iacute;: Hewlett Packard, Microsoft, Oracle. Potvrden&iacute;m &uacute;spe&scaron;n&yacute;ch partnerstiev je mno\u017estvo z&iacute;skan&yacute;ch partnersk&yacute;ch ocenen&iacute;.<\/p><\/div><\/div><\/div><\/div><\/div><div class=\"x-section e222-e7 m66-0 m66-1 m66-2 m66-5 m66-6 m66-8\"><div class=\"x-bg\" aria-hidden=\"true\"><div class=\"x-bg-layer-lower-image\" data-x-element-bg-layer=\"{&quot;parallaxSize&quot;:&quot;150%&quot;,&quot;parallaxDir&quot;:&quot;v&quot;,&quot;parallaxRev&quot;:false}\"><\/div><\/div><div class=\"x-row x-container max width e222-e8 m66-b m66-c m66-f m66-h\"><div class=\"x-row-inner\"><div class=\"x-col e222-e9 m66-p\"><div class=\"x-text x-text-headline e222-e10 m66-v m66-w m66-x m66-y\"><div class=\"x-text-content\"><div class=\"x-text-content-text\"><h1 class=\"x-text-content-text-primary\"><strong>Informa\u010dn&eacute; syst&eacute;my na mieru<\/strong><\/h1>\n<\/div><\/div><\/div><div class=\"x-text x-content e222-e11 m66-12 m66-13 m66-14\"><p>Informa\u010dn&eacute; syst&eacute;my pod\u013ea po\u017eiadaviek z&aacute;kazn&iacute;ka implementovan&eacute; na b&aacute;ze produktov Microsoft. N&aacute;vrh, spr&aacute;va, optimaliz&aacute;cia datab&aacute;z. N&aacute;vrh a spracovanie modulov business intelligence &amp; reporting. Viacero vari&aacute;nt document management syst&eacute;mov. Rie&scaron;enie pre spr&aacute;vu registrat&uacute;ry. Implement&aacute;cia business procesov vo forme workflows. Implement&aacute;cia integr&aacute;ci&iacute; extern&yacute;ch syst&eacute;mov a SOA. Webov&eacute; a mobiln&eacute; aplik&aacute;cie. Prev&aacute;dzka informa\u010dn&yacute;ch syst&eacute;mov a datab&aacute;z v cloude. Dlhodobo sa zameriavame na r&yacute;chlos\u0165 dodania rie&scaron;enia, maximaliz&aacute;ciu kvality, zn&iacute;\u017eenie celkov&yacute;ch n&aacute;kladov na obstaranie a prev&aacute;dzku (TCO) a ur&yacute;chlenie n&aacute;vratnosti invest&iacute;cie (ROI).<\/p><\/div><\/div><div class=\"x-col e222-e12 m66-p\"><div class=\"x-text x-text-headline e222-e13 m66-v m66-w m66-x m66-y\"><div class=\"x-text-content\"><div class=\"x-text-content-text\"><h1 class=\"x-text-content-text-primary\"><strong>Syst&eacute;mov&aacute; infra&scaron;trukt&uacute;ra<\/strong><\/h1>\n<\/div><\/div><\/div><div class=\"x-text x-content e222-e14 m66-12 m66-13 m66-14\"><p>N&aacute;vrh novej a konsolid&aacute;cia existuj&uacute;cej syst&eacute;movej infra&scaron;trukt&uacute;ry na b&aacute;ze produktov Microsoft. Zabezpe\u010denie centr&aacute;lnej spr&aacute;vy a proakt&iacute;vneho monitoringu infra&scaron;trukt&uacute;ry. Realiz&aacute;cia virtualiz&aacute;ci&iacute; servrov a &scaron;pecializovan&yacute;ch pracovn&yacute;ch stan&iacute;c. Zriadenie rie&scaron;en&iacute; s vysokou dostupnos\u0165ou. Rie&scaron;enia v oblasti bezpe\u010dnosti infra&scaron;trukt&uacute;ry, konfigur&aacute;cia firewallov, Active Directory, kontinu&aacute;lne z&aacute;lohovanie. Nasadenie rie&scaron;en&iacute; pre podporu firemnej komunik&aacute;cie Skype for Business (Lync), MS Exchange server. Migr&aacute;cia infra&scaron;trukt&uacute;ry do cloudu Office365, Azure, Sharepoint Online, vr&aacute;tane hybridn&yacute;ch rie&scaron;en&iacute;. Optimaliz&aacute;cia v&yacute;davkov na obstaranie a prev&aacute;dzku infra&scaron;trukt&uacute;ry.<\/p><\/div><\/div><\/div><\/div><div class=\"x-row x-container max width e222-e15 m66-c m66-e m66-i m66-j\"><div class=\"x-row-inner\"><div class=\"x-col e222-e16 m66-p\"><hr class=\"x-line e222-e17 m66-16\"\/><\/div><\/div><\/div><div class=\"x-row x-container max width e222-e18 m66-b m66-c m66-f m66-k\"><div class=\"x-row-inner\"><div class=\"x-col e222-e19 m66-p\"><div class=\"x-text x-text-headline e222-e20 m66-v m66-w m66-x m66-y\"><div class=\"x-text-content\"><div class=\"x-text-content-text\"><h1 class=\"x-text-content-text-primary\"><strong>Hardv&eacute;rov&eacute; a sie\u0165ov&eacute; rie&scaron;enia<\/strong><\/h1>\n<\/div><\/div><\/div><div class=\"x-text x-content e222-e21 m66-12 m66-13 m66-14\"><p>N&aacute;vrh architekt&uacute;ry, dod&aacute;vka, in&scaron;tal&aacute;cia a servis komplexn&yacute;ch hardv&eacute;rov&yacute;ch a sie\u0165ov&yacute;ch rie&scaron;en&iacute; predov&scaron;etk&yacute;m na b&aacute;ze produktov Hewlett-Packard Enterprise. Dod&aacute;vky a pr&aacute;ce pre nadn&aacute;rodn&eacute; spolo\u010dnosti v oblasti energetiky v r&aacute;mci, aj mimo kraj&iacute;n EU. Ako SCSP partner HPE poskytujeme slu\u017eby t&yacute;kaj&uacute;ce sa v&scaron;etk&yacute;ch produktov Hewlett-Packard Enterprise: servre, routre, desktopov&eacute; pracovn&eacute; stanice, notebooky, tla\u010diarne, skenery. Nasadenie &scaron;pecializovan&eacute;ho harv&eacute;ru pre virtualizovan&eacute; infra&scaron;trukt&uacute;ry, cluster rie&scaron;enia, blade servre, centr&aacute;lne diskov&eacute; polia, integr&aacute;cia &scaron;pecializovan&yacute;ch hardv&eacute;rov&yacute;ch zariaden&iacute;, hardv&eacute;rov&eacute; prvky pre z&aacute;lohovanie d&aacute;t, z&aacute;lo\u017en&eacute; zdroje elektrickej energie.<\/p><\/div><\/div><div class=\"x-col e222-e22 m66-p\"><div class=\"x-text x-text-headline e222-e23 m66-v m66-w m66-x m66-y\"><div class=\"x-text-content\"><div class=\"x-text-content-text\"><h1 class=\"x-text-content-text-primary\"><strong>Podnikov&eacute; rie&scaron;enia Oracle<\/strong><\/h1>\n<\/div><\/div><\/div><div class=\"x-text x-content e222-e24 m66-12 m66-13 m66-14\"><p>Ako jedin&yacute; z lok&aacute;lnych certifikovan&yacute;ch partnerov implementujeme nielen datab&aacute;zov&eacute; rie&scaron;enia, ale aj produkty z aplika\u010dn&eacute;ho portf&oacute;lia Oracle. Podnikov&yacute; informa\u010dn&yacute; syst&eacute;m Oracle E-Business Suite (EBS) poskytuje inform&aacute;cie pre kvalifikovan&eacute; rozhodovanie a riadenie, pom&aacute;ha spo\u013eahlivo spracov&aacute;va\u0165 ve\u013ek&eacute; objemy transakci&iacute; a zefekt&iacute;vni\u0165 \u010dinnos\u0165 stredn&yacute;ch a ve\u013ek&yacute;ch organiz&aacute;ci&iacute;. So stovkami modulov pokr&yacute;vaj&uacute;cimi r&ocirc;znorod&eacute; oblasti podnikov&yacute;ch procesov (financie, v&yacute;roba, logistika, a \u010fal&scaron;ie) umo\u017e\u0148uje aplik&aacute;cia Oracle E-Business Suite organiz&aacute;ci&aacute;m z rozli\u010dn&yacute;ch odvetv&iacute; riadi\u0165 v&scaron;etky relevantn&eacute; procesy a konsolidova\u0165 d&aacute;ta z r&ocirc;znych geografick&yacute;ch lokal&iacute;t (pobo\u010diek) do celistv&eacute;ho obrazu. V kombin&aacute;cii s na&scaron;imi znalos\u0165ami miestneho prostredia tak maj&uacute; klienti istotu, \u017ee nasadenie komplexn&eacute;ho softv&eacute;rov&eacute;ho n&aacute;stroja bude v s&uacute;lade nielen s intern&yacute;mi procesmi, ale aj s po\u017eiadavkami miestnej legislat&iacute;vy a \u010fal&scaron;&iacute;ch &scaron;pecif&iacute;k.<\/p><\/div><\/div><\/div><\/div><\/div><div class=\"x-section e222-e25 m66-0 m66-1 m66-2 m66-6\"><\/div><div class=\"x-section e222-e26 m66-0 m66-2 m66-4 m66-5 m66-6 m66-9\"><div class=\"x-bg\" aria-hidden=\"true\"><div class=\"x-bg-layer-lower-image\"><\/div><\/div><div class=\"x-row x-container max width e222-e27 m66-c m66-e m66-i m66-l\"><div class=\"x-row-inner\"><div class=\"x-col e222-e28 m66-p\"><div class=\"x-counter e222-e29 m66-17\" data-x-element-counter=\"{&quot;to&quot;:&quot;26&quot;,&quot;speed&quot;:&quot;1.5s&quot;,&quot;commaSeparatedDecimal&quot;:false}\"><div class=\"x-counter-number-wrap\"><span class=\"x-counter-number\">0<\/span><\/div><div class=\"x-counter-after\">rokov realizujeme projekty v oblasti Informa\u010dn\u00fdch technol\u00f3gi\u00ed<\/div><\/div><\/div><div class=\"x-col e222-e30 m66-p\"><div class=\"x-counter e222-e31 m66-17\" data-x-element-counter=\"{&quot;to&quot;:&quot;45000&quot;,&quot;speed&quot;:&quot;1.5s&quot;,&quot;commaSeparatedDecimal&quot;:false}\"><div class=\"x-counter-number-wrap\"><span class=\"x-counter-number-prefix\">~<\/span><span class=\"x-counter-number\">0<\/span><\/div><div class=\"x-counter-after\">Spr\u00e1va infra\u0161trukt\u00fary pre 45000 integrovan\u00fdch zariaden\u00ed<\/div><\/div><\/div><div class=\"x-col e222-e32 m66-p\"><div class=\"x-counter e222-e33 m66-17\" data-x-element-counter=\"{&quot;to&quot;:&quot;2100&quot;,&quot;speed&quot;:&quot;1.5s&quot;,&quot;commaSeparatedDecimal&quot;:false}\"><div class=\"x-counter-number-wrap\"><span class=\"x-counter-number\">0<\/span><span class=\"x-counter-number-suffix\">+<\/span><\/div><div class=\"x-counter-after\">Business pou\u017e\u00edvate\u013eov nami dodan\u00fdch inf.syst\u00e9mov<\/div><\/div><\/div><div class=\"x-col e222-e34 m66-p\"><div class=\"x-counter e222-e35 m66-17\" data-x-element-counter=\"{&quot;to&quot;:&quot;3500&quot;,&quot;speed&quot;:&quot;1.5s&quot;,&quot;commaSeparatedDecimal&quot;:false}\"><div class=\"x-counter-number-wrap\"><span class=\"x-counter-number\">0<\/span><span class=\"x-counter-number-suffix\">+<\/span><\/div><div class=\"x-counter-after\">d\u00e1tov\u00fdch polo\u017eiek v na\u0161ich jednotliv\u00fdch komplexnej\u0161\u00edch inf. syst\u00e9moch<\/div><\/div><\/div><\/div><\/div><\/div><div class=\"x-section e222-e36 m66-0 m66-1 m66-2 m66-6 m66-7\"><div class=\"x-row x-container max width e222-e37 m66-c m66-d m66-e m66-i m66-m\"><div class=\"x-row-inner\"><div class=\"x-col e222-e38 m66-p m66-q m66-r\"><div class=\"x-bg\" aria-hidden=\"true\"><div class=\"x-bg-layer-lower-image\"><\/div><\/div><\/div><div class=\"x-col e222-e39 m66-p m66-r m66-s\"><div class=\"x-bg\" aria-hidden=\"true\"><div class=\"x-bg-layer-lower-image\"><\/div><\/div><\/div><div class=\"x-col e222-e40 m66-p m66-r m66-t\"><div class=\"x-bg\" aria-hidden=\"true\"><div class=\"x-bg-layer-lower-image\"><\/div><\/div><\/div><\/div><\/div><\/div><div class=\"x-section e222-e41 m66-0 m66-1 m66-4 m66-5 m66-a\"><div class=\"x-bg\" aria-hidden=\"true\"><div class=\"x-bg-layer-lower-image\"><\/div><\/div><div class=\"x-row x-container max width e222-e42 m66-c m66-e m66-i m66-n\"><div class=\"x-row-inner\"><div class=\"x-col e222-e43 m66-p\"><div class=\"x-text x-text-headline e222-e44 m66-v m66-w m66-z\"><div class=\"x-text-content\"><div class=\"x-text-content-text\"><h1 class=\"x-text-content-text-primary\">Existuje inform&aacute;cia, ktor&aacute; znamen&aacute; v&aacute;&scaron; &uacute;spech.<\/h1>\n<\/div><\/div><\/div><\/div><div class=\"x-col e222-e45 m66-p\"><hr class=\"x-line e222-e46 m66-18\"\/><\/div><\/div><\/div><div class=\"x-row x-container max width e222-e47 m66-c m66-e m66-i m66-o\"><div class=\"x-row-inner\"><div class=\"x-col e222-e48 m66-p\"><div class=\"x-frame x-frame-map-embed e222-e49 m66-19\"><div class=\"x-frame-inner\"><div class=\"x-map x-map-embed\"><iframe src=\"https:\/\/www.google.com\/maps\/embed?pb=!1m17!1m12!1m3!1d1330.5863683607938!2d17.14960462774329!3d48.16475199640584!2m3!1f0!2f0!3f0!3m2!1i1024!2i768!4f13.1!3m2!1m1!2zNDjCsDA5JzUzLjEiTiAxN8KwMDknMDEuOSJF!5e0!3m2!1ssk!2ssk!4v1742304709394!5m2!1ssk!2ssk\" width=\"600\" height=\"450\" style=\"border:0;\" allowfullscreen=\"\" loading=\"lazy\" referrerpolicy=\"no-referrer-when-downgrade\"><\/iframe><\/div><\/div><\/div><\/div><div class=\"x-col e222-e50 m66-p\"><div class=\"x-text x-text-headline e222-e51 m66-v m66-w m66-y m66-10\"><div class=\"x-text-content\"><div class=\"x-text-content-text\"><h1 class=\"x-text-content-text-primary\"><strong>Adresa<\/strong><\/h1>\n<\/div><\/div><\/div><div class=\"x-text x-content e222-e52 m66-12 m66-13 m66-15\"><p>Trnavsk&aacute; cesta 82, 82102 Bratislava, Slovakia<\/p><\/div><hr class=\"x-line e222-e53 m66-18\"\/><div class=\"x-text x-text-headline e222-e54 m66-v m66-w m66-y m66-10\"><div class=\"x-text-content\"><div class=\"x-text-content-text\"><h1 class=\"x-text-content-text-primary\"><strong>Telef&oacute;n<\/strong><\/h1>\n<\/div><\/div><\/div><div class=\"x-text x-content e222-e55 m66-12 m66-13 m66-15\"><p>+421-2-4910-381<\/p><\/div><hr class=\"x-line e222-e56 m66-18\"\/><div class=\"x-text x-text-headline e222-e57 m66-v m66-w m66-y m66-10\"><div class=\"x-text-content\"><div class=\"x-text-content-text\"><h1 class=\"x-text-content-text-primary\"><strong>Email<\/strong><\/h1>\n<\/div><\/div><\/div><div class=\"x-text x-content e222-e58 m66-12 m66-13 m66-15\">info@dss.sk<\/div><\/div><\/div><\/div><\/div><\/div>\n","protected":false},"excerpt":{"rendered":"<p>26 rokov realizujeme projekty v oblasti IT Spolo\u010dnos\u0165 Data System Soft, spol. s r.o. p&ocirc;sob&iacute; na trhu od roku 1991 s podnikate\u013esk&yacute;m z&aacute;merom pred&aacute;va\u0165 vybran&eacute; &scaron;pi\u010dkov&eacute; produkty z oblasti informa\u010dn&yacute;ch technol&oacute;gi&iacute; s cie\u013eom poskytova\u0165 k nim komplexn&eacute; a kvalitn&eacute; slu\u017eby a podie\u013ea\u0165 sa tak na dlhodobom &uacute;spechu z&aacute;kazn&iacute;kov. Sme certifikovan&yacute;m partnerom svetovo renomovan&yacute;ch spolo\u010dnost&iacute;: Hewlett Packard, Microsoft, Oracle. Potvrden&iacute;m &uacute;spe&scaron;n&yacute;ch &#8230;<\/p>\n","protected":false},"author":1,"featured_media":0,"parent":0,"menu_order":0,"comment_status":"closed","ping_status":"closed","template":"template-blank-4.php","meta":{"footnotes":""},"class_list":["post-222","page","type-page","status-publish","hentry","no-post-thumbnail"],"_links":{"self":[{"href":"http:\/\/www.datasystemsoft.sk\/index.php?rest_route=\/wp\/v2\/pages\/222","targetHints":{"allow":["GET"]}}],"collection":[{"href":"http:\/\/www.datasystemsoft.sk\/index.php?rest_route=\/wp\/v2\/pages"}],"about":[{"href":"http:\/\/www.datasystemsoft.sk\/index.php?rest_route=\/wp\/v2\/types\/page"}],"author":[{"embeddable":true,"href":"http:\/\/www.datasystemsoft.sk\/index.php?rest_route=\/wp\/v2\/users\/1"}],"replies":[{"embeddable":true,"href":"http:\/\/www.datasystemsoft.sk\/index.php?rest_route=%2Fwp%2Fv2%2Fcomments&post=222"}],"version-history":[{"count":9,"href":"http:\/\/www.datasystemsoft.sk\/index.php?rest_route=\/wp\/v2\/pages\/222\/revisions"}],"predecessor-version":[{"id":261,"href":"http:\/\/www.datasystemsoft.sk\/index.php?rest_route=\/wp\/v2\/pages\/222\/revisions\/261"}],"wp:attachment":[{"href":"http:\/\/www.datasystemsoft.sk\/index.php?rest_route=%2Fwp%2Fv2%2Fmedia&parent=222"}],"curies":[{"name":"wp","href":"https:\/\/api.w.org\/{rel}","templated":true}]}}